{"id":83,"date":"2016-11-11T10:28:08","date_gmt":"2016-11-11T09:28:08","guid":{"rendered":"http:\/\/test.dkkraner.dk\/?page_id=83"},"modified":"2019-04-15T17:07:58","modified_gmt":"2019-04-15T15:07:58","slug":"kontakt","status":"publish","type":"page","link":"https:\/\/dkkraner.dk\/?page_id=83","title":{"rendered":"Kontakt"},"content":{"rendered":"\n<h1 class=\"wp-block-heading\" id=\"mce_7\">Tag kontakt til salgschefen<\/h1>\n\n\n\n<div class=\"wp-block-columns has-2-columns is-layout-flex wp-container-core-columns-is-layout-9d6595d7 wp-block-columns-is-layout-flex\">\n<div class=\"wp-block-column is-layout-flow wp-block-column-is-layout-flow\">\n<p><br>Morten Kjer er indehaveren af DK Cranes, og han er ansvarlig for salg. Tag kontakt til Morten med din foresp\u00f8rgsel. Efter mange \u00e5r i branchen, har han en lang erfaring med at specialbygge havne- og industrikraner.<br><\/p>\n\n\n\n<p>L\u00e6s mere om Mortens erfaringen i branchen, og hvorfor han startede sin egen virksomhed her: <a href=\"\/om-os\">om os<\/a>.<\/p>\n<\/div>\n\n\n\n<div class=\"wp-block-column is-layout-flow wp-block-column-is-layout-flow\">\n<p style=\"background-color:#424753\" class=\"has-text-color has-background has-very-light-gray-color\"><strong>Kompetente medarbejdere<\/strong><br><br>Vi er et st\u00e6rkt hold af medarbejdere, der hver is\u00e6r har sine kompetenceomr\u00e5der. Med vores forskellige kompetencer har vi altid kompetente kollegaer at tr\u00e6kke p\u00e5. Der er derfor altid en ekspert klar, n\u00e5r du tager kontakt.<\/p>\n<\/div>\n<\/div>\n","protected":false},"excerpt":{"rendered":"<p>Tag kontakt til salgschefen Morten Kjer er indehaveren af DK Cranes, og han er ansvarlig for salg. Tag kontakt til Morten med din foresp\u00f8rgsel. Efter mange \u00e5r i branchen, har han en lang erfaring med at specialbygge havne- og industrikraner. L\u00e6s mere om Mortens erfaringen i branchen, og hvorfor han startede sin egen virksomhed her: [&hellip;]<\/p>\n","protected":false},"author":4,"featured_media":0,"parent":0,"menu_order":0,"comment_status":"closed","ping_status":"closed","template":"","meta":{"footnotes":""},"class_list":["post-83","page","type-page","status-publish","hentry"],"yoast_head":"<!-- This site is optimized with the Yoast SEO plugin v18.2 - https:\/\/yoast.com\/wordpress\/plugins\/seo\/ -->\n<title>Kontakt DK Cranes - Vi sidder klar ved telefonen til at give et godt tilbud!<\/title>\n<meta name=\"description\" content=\"Kontakt os for et tilbud. Ring til os p\u00e5 tlf.: 74 66 48 88 \u2022 Mail: post@dkkraner.dk \u2022 \u00c5bningstider man-fre: kl. 8:00 - 16:00.\" \/>\n<meta name=\"robots\" content=\"index, follow, max-snippet:-1, max-image-preview:large, max-video-preview:-1\" \/>\n<link rel=\"canonical\" href=\"https:\/\/dkkraner.dk\/?page_id=83\" \/>\n<meta property=\"og:locale\" content=\"da_DK\" \/>\n<meta property=\"og:type\" content=\"article\" \/>\n<meta property=\"og:title\" content=\"Kontakt DK Cranes - Vi sidder klar ved telefonen til at give et godt tilbud!\" \/>\n<meta property=\"og:description\" content=\"Kontakt os for et tilbud. Ring til os p\u00e5 tlf.: 74 66 48 88 \u2022 Mail: post@dkkraner.dk \u2022 \u00c5bningstider man-fre: kl. 8:00 - 16:00.\" \/>\n<meta property=\"og:url\" content=\"https:\/\/dkkraner.dk\/?page_id=83\" \/>\n<meta property=\"og:site_name\" content=\"DK Kraner\" \/>\n<meta property=\"article:modified_time\" content=\"2019-04-15T15:07:58+00:00\" \/>\n<meta name=\"twitter:card\" content=\"summary_large_image\" \/>\n<meta name=\"twitter:label1\" content=\"Estimeret l\u00e6setid\" \/>\n\t<meta name=\"twitter:data1\" content=\"1 minut\" \/>\n<script type=\"application\/ld+json\" class=\"yoast-schema-graph\">{\"@context\":\"https:\/\/schema.org\",\"@graph\":[{\"@type\":\"Organization\",\"@id\":\"https:\/\/dkkraner.dk\/#organization\",\"name\":\"DK Cranes\",\"url\":\"https:\/\/dkkraner.dk\/\",\"sameAs\":[],\"logo\":{\"@type\":\"ImageObject\",\"@id\":\"https:\/\/dkkraner.dk\/#logo\",\"inLanguage\":\"da-DK\",\"url\":\"https:\/\/dkkraner.dk\/wp-content\/uploads\/2018\/03\/dk_kraner_logo_1.png\",\"contentUrl\":\"https:\/\/dkkraner.dk\/wp-content\/uploads\/2018\/03\/dk_kraner_logo_1.png\",\"width\":239,\"height\":64,\"caption\":\"DK Cranes\"},\"image\":{\"@id\":\"https:\/\/dkkraner.dk\/#logo\"}},{\"@type\":\"WebSite\",\"@id\":\"https:\/\/dkkraner.dk\/#website\",\"url\":\"https:\/\/dkkraner.dk\/\",\"name\":\"DK Cranes\",\"description\":\"Vores service, din sikkerhed....!\",\"publisher\":{\"@id\":\"https:\/\/dkkraner.dk\/#organization\"},\"potentialAction\":[{\"@type\":\"SearchAction\",\"target\":{\"@type\":\"EntryPoint\",\"urlTemplate\":\"https:\/\/dkkraner.dk\/?s={search_term_string}\"},\"query-input\":\"required name=search_term_string\"}],\"inLanguage\":\"da-DK\"},{\"@type\":\"WebPage\",\"@id\":\"https:\/\/dkkraner.dk\/?page_id=83#webpage\",\"url\":\"https:\/\/dkkraner.dk\/?page_id=83\",\"name\":\"Kontakt DK Cranes - Vi sidder klar ved telefonen til at give et godt tilbud!\",\"isPartOf\":{\"@id\":\"https:\/\/dkkraner.dk\/#website\"},\"datePublished\":\"2016-11-11T09:28:08+00:00\",\"dateModified\":\"2019-04-15T15:07:58+00:00\",\"description\":\"Kontakt os for et tilbud. Ring til os p\u00e5 tlf.: 74 66 48 88 \u2022 Mail: post@dkkraner.dk \u2022 \u00c5bningstider man-fre: kl. 8:00 - 16:00.\",\"breadcrumb\":{\"@id\":\"https:\/\/dkkraner.dk\/?page_id=83#breadcrumb\"},\"inLanguage\":\"da-DK\",\"potentialAction\":[{\"@type\":\"ReadAction\",\"target\":[\"https:\/\/dkkraner.dk\/?page_id=83\"]}]},{\"@type\":\"BreadcrumbList\",\"@id\":\"https:\/\/dkkraner.dk\/?page_id=83#breadcrumb\",\"itemListElement\":[{\"@type\":\"ListItem\",\"position\":1,\"name\":\"Hjem\",\"item\":\"https:\/\/dkkraner.dk\/\"},{\"@type\":\"ListItem\",\"position\":2,\"name\":\"Kontakt\"}]}]}<\/script>\n<!-- \/ Yoast SEO plugin. -->","yoast_head_json":{"title":"Kontakt DK Cranes - Vi sidder klar ved telefonen til at give et godt tilbud!","description":"Kontakt os for et tilbud. Ring til os p\u00e5 tlf.: 74 66 48 88 \u2022 Mail: post@dkkraner.dk \u2022 \u00c5bningstider man-fre: kl. 8:00 - 16:00.","robots":{"index":"index","follow":"follow","max-snippet":"max-snippet:-1","max-image-preview":"max-image-preview:large","max-video-preview":"max-video-preview:-1"},"canonical":"https:\/\/dkkraner.dk\/?page_id=83","og_locale":"da_DK","og_type":"article","og_title":"Kontakt DK Cranes - Vi sidder klar ved telefonen til at give et godt tilbud!","og_description":"Kontakt os for et tilbud. Ring til os p\u00e5 tlf.: 74 66 48 88 \u2022 Mail: post@dkkraner.dk \u2022 \u00c5bningstider man-fre: kl. 8:00 - 16:00.","og_url":"https:\/\/dkkraner.dk\/?page_id=83","og_site_name":"DK Kraner","article_modified_time":"2019-04-15T15:07:58+00:00","twitter_card":"summary_large_image","twitter_misc":{"Estimeret l\u00e6setid":"1 minut"},"schema":{"@context":"https:\/\/schema.org","@graph":[{"@type":"Organization","@id":"https:\/\/dkkraner.dk\/#organization","name":"DK Cranes","url":"https:\/\/dkkraner.dk\/","sameAs":[],"logo":{"@type":"ImageObject","@id":"https:\/\/dkkraner.dk\/#logo","inLanguage":"da-DK","url":"https:\/\/dkkraner.dk\/wp-content\/uploads\/2018\/03\/dk_kraner_logo_1.png","contentUrl":"https:\/\/dkkraner.dk\/wp-content\/uploads\/2018\/03\/dk_kraner_logo_1.png","width":239,"height":64,"caption":"DK Cranes"},"image":{"@id":"https:\/\/dkkraner.dk\/#logo"}},{"@type":"WebSite","@id":"https:\/\/dkkraner.dk\/#website","url":"https:\/\/dkkraner.dk\/","name":"DK Cranes","description":"Vores service, din sikkerhed....!","publisher":{"@id":"https:\/\/dkkraner.dk\/#organization"},"potentialAction":[{"@type":"SearchAction","target":{"@type":"EntryPoint","urlTemplate":"https:\/\/dkkraner.dk\/?s={search_term_string}"},"query-input":"required name=search_term_string"}],"inLanguage":"da-DK"},{"@type":"WebPage","@id":"https:\/\/dkkraner.dk\/?page_id=83#webpage","url":"https:\/\/dkkraner.dk\/?page_id=83","name":"Kontakt DK Cranes - Vi sidder klar ved telefonen til at give et godt tilbud!","isPartOf":{"@id":"https:\/\/dkkraner.dk\/#website"},"datePublished":"2016-11-11T09:28:08+00:00","dateModified":"2019-04-15T15:07:58+00:00","description":"Kontakt os for et tilbud. Ring til os p\u00e5 tlf.: 74 66 48 88 \u2022 Mail: post@dkkraner.dk \u2022 \u00c5bningstider man-fre: kl. 8:00 - 16:00.","breadcrumb":{"@id":"https:\/\/dkkraner.dk\/?page_id=83#breadcrumb"},"inLanguage":"da-DK","potentialAction":[{"@type":"ReadAction","target":["https:\/\/dkkraner.dk\/?page_id=83"]}]},{"@type":"BreadcrumbList","@id":"https:\/\/dkkraner.dk\/?page_id=83#breadcrumb","itemListElement":[{"@type":"ListItem","position":1,"name":"Hjem","item":"https:\/\/dkkraner.dk\/"},{"@type":"ListItem","position":2,"name":"Kontakt"}]}]}},"_links":{"self":[{"href":"https:\/\/dkkraner.dk\/index.php?rest_route=\/wp\/v2\/pages\/83","targetHints":{"allow":["GET"]}}],"collection":[{"href":"https:\/\/dkkraner.dk\/index.php?rest_route=\/wp\/v2\/pages"}],"about":[{"href":"https:\/\/dkkraner.dk\/index.php?rest_route=\/wp\/v2\/types\/page"}],"author":[{"embeddable":true,"href":"https:\/\/dkkraner.dk\/index.php?rest_route=\/wp\/v2\/users\/4"}],"replies":[{"embeddable":true,"href":"https:\/\/dkkraner.dk\/index.php?rest_route=%2Fwp%2Fv2%2Fcomments&post=83"}],"version-history":[{"count":30,"href":"https:\/\/dkkraner.dk\/index.php?rest_route=\/wp\/v2\/pages\/83\/revisions"}],"predecessor-version":[{"id":769,"href":"https:\/\/dkkraner.dk\/index.php?rest_route=\/wp\/v2\/pages\/83\/revisions\/769"}],"wp:attachment":[{"href":"https:\/\/dkkraner.dk\/index.php?rest_route=%2Fwp%2Fv2%2Fmedia&parent=83"}],"curies":[{"name":"wp","href":"https:\/\/api.w.org\/{rel}","templated":true}]}}