{"id":2,"date":"2016-10-24T13:51:57","date_gmt":"2016-10-24T13:51:57","guid":{"rendered":"http:\/?page_id=2"},"modified":"2019-04-15T17:03:06","modified_gmt":"2019-04-15T15:03:06","slug":"kraner-i-hoej-kvalitet","status":"publish","type":"page","link":"https:\/\/dkkraner.dk\/","title":{"rendered":"DK Cranes \/ Jydsk St\u00e5ldesign ApS &#8211; kraner i h\u00f8j kvalitet"},"content":{"rendered":"\n<h2 class=\"wp-block-heading\">DK Cranes \/ Jydsk St\u00e5ldesign ApS &#8211; kraner i h\u00f8j kvalitet<\/h2>\n\n\n\n<div class=\"wp-block-columns has-2-columns is-layout-flex wp-container-core-columns-is-layout-9d6595d7 wp-block-columns-is-layout-flex\">\n<div class=\"wp-block-column is-layout-flow wp-block-column-is-layout-flow\">\n<p>DK Cranes er et erfarent firma, som besk\u00e6ftiger sig med produktion, montering og servicering af kraner. Vi er specialiseret i <a href=\"\/havnekraner\">havnekraner<\/a>: mastekraner og yachtkraner \/ b\u00e5dkraner, samt i <a href=\"\/industrikraner\">industrikraner<\/a>: traverskraner, svingkraner og letskinnesystem \/ letkraner. Vi specialdesigner og producerer kraner efter jeres specifikke behov. Vi s\u00e6tter en \u00e6re i h\u00f8j kvalitet, god service og tilfredse kunder.<\/p>\n\n\n\n<p>Vi har mere end 20 \u00e5rs erfaring inden for branchen, og vi kan derfor altid v\u00e6re jer behj\u00e6lpelige med at l\u00f8se en lang r\u00e6kke forskellige opgaver.<\/p>\n<\/div>\n\n\n\n<div class=\"wp-block-column is-layout-flow wp-block-column-is-layout-flow\">\n<p>DK Cranes fremstiller mange former for mastekraner og yachtkraner \/ b\u00e5dkraner. Vi kan levere havnekraner med singlehejs og firepunktshejs eller mastekraner, alt afh\u00e6ngigt af dine \u00f8nsker og behov.<\/p>\n\n\n\n<p>Vi er en fast stab af erfarne og dygtige medarbejdere, og vi s\u00e6tter en \u00e6re i at kunne im\u00f8dekomme vores kunder i forhold til de lokaliteter og behov, I har.<\/p>\n\n\n\n<p>Vi finder altid i samarbejde med dig, dine erfaringer og vores viden en brugbar l\u00f8sning til en fornuftig pris.<\/p>\n<\/div>\n<\/div>\n","protected":false},"excerpt":{"rendered":"<p>DK Cranes \/ Jydsk St\u00e5ldesign ApS &#8211; kraner i h\u00f8j kvalitet DK Cranes er et erfarent firma, som besk\u00e6ftiger sig med produktion, montering og servicering af kraner. Vi er specialiseret i havnekraner: mastekraner og yachtkraner \/ b\u00e5dkraner, samt i industrikraner: traverskraner, svingkraner og letskinnesystem \/ letkraner. Vi specialdesigner og producerer kraner efter jeres specifikke behov. [&hellip;]<\/p>\n","protected":false},"author":4,"featured_media":0,"parent":0,"menu_order":0,"comment_status":"closed","ping_status":"open","template":"","meta":{"footnotes":""},"class_list":["post-2","page","type-page","status-publish","hentry"],"yoast_head":"<!-- This site is optimized with the Yoast SEO plugin v18.2 - https:\/\/yoast.com\/wordpress\/plugins\/seo\/ -->\n<title>DK Cranes \/ Jydsk St\u00e5ldesign ApS - kraner i h\u00f8j kvalitet<\/title>\n<meta name=\"description\" content=\"Hos DK Cranes producerer vi havnekraner og industrikraner i h\u00f8j kvalitet. Vi specialbygger kranerne efter jeres behov og krav, s\u00e5 I f\u00e5r fuldt udbytte.\" \/>\n<meta name=\"robots\" content=\"index, follow, max-snippet:-1, max-image-preview:large, max-video-preview:-1\" \/>\n<link rel=\"canonical\" href=\"https:\/\/dkkraner.dk\/\" \/>\n<meta property=\"og:locale\" content=\"da_DK\" \/>\n<meta property=\"og:type\" content=\"article\" \/>\n<meta property=\"og:title\" content=\"DK Cranes \/ Jydsk St\u00e5ldesign ApS - kraner i h\u00f8j kvalitet\" \/>\n<meta property=\"og:description\" content=\"Hos DK Cranes producerer vi havnekraner og industrikraner i h\u00f8j kvalitet. Vi specialbygger kranerne efter jeres behov og krav, s\u00e5 I f\u00e5r fuldt udbytte.\" \/>\n<meta property=\"og:url\" content=\"https:\/\/dkkraner.dk\/\" \/>\n<meta property=\"og:site_name\" content=\"DK Kraner\" \/>\n<meta property=\"article:modified_time\" content=\"2019-04-15T15:03:06+00:00\" \/>\n<meta name=\"twitter:card\" content=\"summary_large_image\" \/>\n<meta name=\"twitter:label1\" content=\"Estimeret l\u00e6setid\" \/>\n\t<meta name=\"twitter:data1\" content=\"1 minut\" \/>\n<script type=\"application\/ld+json\" class=\"yoast-schema-graph\">{\"@context\":\"https:\/\/schema.org\",\"@graph\":[{\"@type\":\"Organization\",\"@id\":\"https:\/\/dkkraner.dk\/#organization\",\"name\":\"DK Cranes\",\"url\":\"https:\/\/dkkraner.dk\/\",\"sameAs\":[],\"logo\":{\"@type\":\"ImageObject\",\"@id\":\"https:\/\/dkkraner.dk\/#logo\",\"inLanguage\":\"da-DK\",\"url\":\"https:\/\/dkkraner.dk\/wp-content\/uploads\/2018\/03\/dk_kraner_logo_1.png\",\"contentUrl\":\"https:\/\/dkkraner.dk\/wp-content\/uploads\/2018\/03\/dk_kraner_logo_1.png\",\"width\":239,\"height\":64,\"caption\":\"DK Cranes\"},\"image\":{\"@id\":\"https:\/\/dkkraner.dk\/#logo\"}},{\"@type\":\"WebSite\",\"@id\":\"https:\/\/dkkraner.dk\/#website\",\"url\":\"https:\/\/dkkraner.dk\/\",\"name\":\"DK Cranes\",\"description\":\"Vores service, din sikkerhed....!\",\"publisher\":{\"@id\":\"https:\/\/dkkraner.dk\/#organization\"},\"potentialAction\":[{\"@type\":\"SearchAction\",\"target\":{\"@type\":\"EntryPoint\",\"urlTemplate\":\"https:\/\/dkkraner.dk\/?s={search_term_string}\"},\"query-input\":\"required name=search_term_string\"}],\"inLanguage\":\"da-DK\"},{\"@type\":\"WebPage\",\"@id\":\"https:\/\/dkkraner.dk\/#webpage\",\"url\":\"https:\/\/dkkraner.dk\/\",\"name\":\"DK Cranes \/ Jydsk St\u00e5ldesign ApS - kraner i h\u00f8j kvalitet\",\"isPartOf\":{\"@id\":\"https:\/\/dkkraner.dk\/#website\"},\"datePublished\":\"2016-10-24T13:51:57+00:00\",\"dateModified\":\"2019-04-15T15:03:06+00:00\",\"description\":\"Hos DK Cranes producerer vi havnekraner og industrikraner i h\u00f8j kvalitet. Vi specialbygger kranerne efter jeres behov og krav, s\u00e5 I f\u00e5r fuldt udbytte.\",\"breadcrumb\":{\"@id\":\"https:\/\/dkkraner.dk\/#breadcrumb\"},\"inLanguage\":\"da-DK\",\"potentialAction\":[{\"@type\":\"ReadAction\",\"target\":[\"https:\/\/dkkraner.dk\/\"]}]},{\"@type\":\"BreadcrumbList\",\"@id\":\"https:\/\/dkkraner.dk\/#breadcrumb\",\"itemListElement\":[{\"@type\":\"ListItem\",\"position\":1,\"name\":\"Hjem\",\"item\":\"https:\/\/dkkraner.dk\/\"},{\"@type\":\"ListItem\",\"position\":2,\"name\":\"DK Cranes \/ Jydsk St\u00e5ldesign ApS &#8211; kraner i h\u00f8j kvalitet\"}]}]}<\/script>\n<!-- \/ Yoast SEO plugin. -->","yoast_head_json":{"title":"DK Cranes \/ Jydsk St\u00e5ldesign ApS - kraner i h\u00f8j kvalitet","description":"Hos DK Cranes producerer vi havnekraner og industrikraner i h\u00f8j kvalitet. Vi specialbygger kranerne efter jeres behov og krav, s\u00e5 I f\u00e5r fuldt udbytte.","robots":{"index":"index","follow":"follow","max-snippet":"max-snippet:-1","max-image-preview":"max-image-preview:large","max-video-preview":"max-video-preview:-1"},"canonical":"https:\/\/dkkraner.dk\/","og_locale":"da_DK","og_type":"article","og_title":"DK Cranes \/ Jydsk St\u00e5ldesign ApS - kraner i h\u00f8j kvalitet","og_description":"Hos DK Cranes producerer vi havnekraner og industrikraner i h\u00f8j kvalitet. Vi specialbygger kranerne efter jeres behov og krav, s\u00e5 I f\u00e5r fuldt udbytte.","og_url":"https:\/\/dkkraner.dk\/","og_site_name":"DK Kraner","article_modified_time":"2019-04-15T15:03:06+00:00","twitter_card":"summary_large_image","twitter_misc":{"Estimeret l\u00e6setid":"1 minut"},"schema":{"@context":"https:\/\/schema.org","@graph":[{"@type":"Organization","@id":"https:\/\/dkkraner.dk\/#organization","name":"DK Cranes","url":"https:\/\/dkkraner.dk\/","sameAs":[],"logo":{"@type":"ImageObject","@id":"https:\/\/dkkraner.dk\/#logo","inLanguage":"da-DK","url":"https:\/\/dkkraner.dk\/wp-content\/uploads\/2018\/03\/dk_kraner_logo_1.png","contentUrl":"https:\/\/dkkraner.dk\/wp-content\/uploads\/2018\/03\/dk_kraner_logo_1.png","width":239,"height":64,"caption":"DK Cranes"},"image":{"@id":"https:\/\/dkkraner.dk\/#logo"}},{"@type":"WebSite","@id":"https:\/\/dkkraner.dk\/#website","url":"https:\/\/dkkraner.dk\/","name":"DK Cranes","description":"Vores service, din sikkerhed....!","publisher":{"@id":"https:\/\/dkkraner.dk\/#organization"},"potentialAction":[{"@type":"SearchAction","target":{"@type":"EntryPoint","urlTemplate":"https:\/\/dkkraner.dk\/?s={search_term_string}"},"query-input":"required name=search_term_string"}],"inLanguage":"da-DK"},{"@type":"WebPage","@id":"https:\/\/dkkraner.dk\/#webpage","url":"https:\/\/dkkraner.dk\/","name":"DK Cranes \/ Jydsk St\u00e5ldesign ApS - kraner i h\u00f8j kvalitet","isPartOf":{"@id":"https:\/\/dkkraner.dk\/#website"},"datePublished":"2016-10-24T13:51:57+00:00","dateModified":"2019-04-15T15:03:06+00:00","description":"Hos DK Cranes producerer vi havnekraner og industrikraner i h\u00f8j kvalitet. Vi specialbygger kranerne efter jeres behov og krav, s\u00e5 I f\u00e5r fuldt udbytte.","breadcrumb":{"@id":"https:\/\/dkkraner.dk\/#breadcrumb"},"inLanguage":"da-DK","potentialAction":[{"@type":"ReadAction","target":["https:\/\/dkkraner.dk\/"]}]},{"@type":"BreadcrumbList","@id":"https:\/\/dkkraner.dk\/#breadcrumb","itemListElement":[{"@type":"ListItem","position":1,"name":"Hjem","item":"https:\/\/dkkraner.dk\/"},{"@type":"ListItem","position":2,"name":"DK Cranes \/ Jydsk St\u00e5ldesign ApS &#8211; kraner i h\u00f8j kvalitet"}]}]}},"_links":{"self":[{"href":"https:\/\/dkkraner.dk\/index.php?rest_route=\/wp\/v2\/pages\/2","targetHints":{"allow":["GET"]}}],"collection":[{"href":"https:\/\/dkkraner.dk\/index.php?rest_route=\/wp\/v2\/pages"}],"about":[{"href":"https:\/\/dkkraner.dk\/index.php?rest_route=\/wp\/v2\/types\/page"}],"author":[{"embeddable":true,"href":"https:\/\/dkkraner.dk\/index.php?rest_route=\/wp\/v2\/users\/4"}],"replies":[{"embeddable":true,"href":"https:\/\/dkkraner.dk\/index.php?rest_route=%2Fwp%2Fv2%2Fcomments&post=2"}],"version-history":[{"count":26,"href":"https:\/\/dkkraner.dk\/index.php?rest_route=\/wp\/v2\/pages\/2\/revisions"}],"predecessor-version":[{"id":763,"href":"https:\/\/dkkraner.dk\/index.php?rest_route=\/wp\/v2\/pages\/2\/revisions\/763"}],"wp:attachment":[{"href":"https:\/\/dkkraner.dk\/index.php?rest_route=%2Fwp%2Fv2%2Fmedia&parent=2"}],"curies":[{"name":"wp","href":"https:\/\/api.w.org\/{rel}","templated":true}]}}